tor of v and 6?
2
Let k be (-2)/5 - 154/(-10). Suppose -3*s = c - 406, -5*s = -6*c + 3*c - 672. What is the highest common factor of k and s?
15
Let k(d) = 3*d + 24. Let r be k(17). Suppose 2 = -t + 3*n, 0 = 2*t - 0*t - 3*n - 2. Let u be (-91)/(-3) - t/12. What is the highest common divisor of u and r?
15
Let i = -3163 - -3177. Let f be 1/(22/10 - 2). Suppose -f*t - 51 = -156. What is the highest common factor of i and t?
7
Let u be 490/40 + (-2)/8. Let p = -18 + 8. Let n = p + 13. What is the highest common factor of n and u?
3
Suppose -4*h - 2*q - 3*q - 427 = 0, -5*q + 5 = 0. Let l be (h/16)/(-2*2/16). Calculate the greatest common factor of l and 9.
9
Suppose 0*m - 72 = -6*m. Let b be (-2178)/(-45) + 4/(-10). Calculate the greatest common factor of m and b.
12
Let j = -276 + 309. Let p = 103 + 128. What is the highest common divisor of p and j?
33
Let v(c) = 19*c + 93. Let o be v(-4). Let j be (-1 + 3)/((-4)/(-306)). Calculate the highest common factor of j and o.
17
Suppose -934 = -3*k - 3*m + 4*m, k + 2*m = 316. Calculate the highest common divisor of k and 39.
39
Let q = -46 - -46. Let g be q + 316/28 + (-6)/21. What is the highest common divisor of 77 and g?
11
Let s be (-2)/(-5) - 168/(-5). Suppose 4*j = 0, 0*j = -4*i + j - 56. Let x = s + i. Calculate the highest common divisor of x and 140.
20
Let k(q) = -3*q + 1. Let i be k(0). Let n(c) = 18*c**3 + c**2. Let s be n(i). Calculate the highest common factor of s and 171.
19
Suppose 0 = 496*a - 498*a + 84. Let d be (a/(-49))/((-2)/84). Let b be -3*1*-1*3. Calculate the highest common factor of b and d.
9
Suppose 5*u - 688 = -4*q, 4*q - 688 = 2*u - u. What is the highest common factor of 258 and q?
86
Let k be 12*56/36 + (-9)/(-27). Calculate the highest common factor of k and 5.
1
Let f(i) = -23*i + 206. Let s be f(-6). What is the greatest common factor of s and 16?
8
Let m(u) = -2*u**3 + 10*u**2 + 5*u + 12. Let x be m(5). Calculate the greatest common divisor of x and 481.
37
Let k(g) = -g**3 - 9*g**2 + 23*g + 14. Let y be k(-11). Suppose 2*d - 135 = -y. Calculate the highest common divisor of d and 6.
6
Let b(p) = p**3 - 8*p**2 + 21*p - 14. Let x be b(8). What is the highest common divisor of 22 and x?
22
Suppose 4 = 2*r - 4. Suppose 0 = -2*o + 3*p - 3, p + 0 = 3*o + 1. Suppose -3*f + 92 - 8 = o. Calculate the highest common divisor of r and f.
4
Let t = -35 - -58. Suppose -5*n + 5*k + 47 + t = 0, -2*n = k - 16. Suppose n = 8*d - 6*d. Calculate the highest common factor of 15 and d.
5
Let r(b) = b**3 - b**2 + 1. Let j be r(1). Let m = 11 - j. What is the greatest common factor of 90 and m?
10
Let v(o) = o**3 + 15*o**2 - 2*o + 26. Let d be v(-13). Calculate the highest common factor of d and 78.
78
Let m = -123 + 86. Let s = 71 - m. What is the highest common divisor of s and 36?
36
Let h be 6/(-10) + 92/20. Suppose -h*d = -4*f + 80, -4*d - 69 = -5*f + 30. Let k = 37 + 115. Calculate the highest common divisor of k and f.
19
Suppose -10 + 51 = 5*o + y, -5*o = -2*y - 38. Suppose -5*b + m - 3*m + 162 = 0, 3*b + 2*m - 98 = 0. What is the highest common factor of b and o?
8
Suppose 4*d = 6*d + 2. Let o(a) = 27*a**2 + 2*a + 1. Let w be o(d). What is the highest common divisor of w and 78?
26
Let y(v) = 2*v. Let f be y(-2). Let c be (f/(-6))/(14/(-21)). Let b(l) = 40*l**2. Let t be b(c). Calculate the highest common factor of t and 16.
8
Let w be 2/(-4)*(14 + 0). Suppose -5*y = -10, g + 21 = -5*y - 3. Let q = w - g. Calculate the greatest common factor of q and 3.
3
Suppose 0 = 17*s + 63 - 1287. What is the greatest common divisor of s and 24?
24
Let h = -613 - -1012. Calculate the greatest common divisor of 84 and h.
21
Let o(l) = -l**3 + 13*l**2 - 9*l + 15. Let u = 48 + -38. Let d be o(u). What is the highest common divisor of d and 25?
25
Let w = 2 + 0. Suppose -32 = -r - 5*s, 144 = 5*r + 4*s + 26. Suppose -r - w = -d. What is the highest common divisor of 3 and d?
3
Let o be -68*1/(1/(6 - 7)). Calculate the highest common factor of o and 1088.
68
Let g(j) = j + 5. Let x be g(-8). Let a be (2*9)/(26/8 + x). Let n = -38 + 74. What is the greatest common divisor of n and a?
36
Suppose -15*o + 1276 + 74 = 0. Calculate the highest common factor of 108 and o.
18
Suppose 0 = -11*r + 4435 + 53. What is the greatest common factor of r and 85?
17
Suppose 35494*x = 35505*x - 143. Let q be (26/3)/(2/6). Calculate the greatest common factor of x and q.
13
Let y = 196 - 193. What is the highest common divisor of 96 and y?
3
Let c(i) = -2*i + 6. Let s be c(4). Let x be -3 + s/3*357/(-14). What is the highest common divisor of 154 and x?
14
Let r = 25 - 17. Let q be 3/15 + (-199)/(-5). Calculate the highest common divisor of q and r.
8
Let a = -54 + 33. Let b be (-2527)/a - 2/6. Let s be (-1)/(0 + (-5)/b). Calculate the highest common factor of 120 and s.
24
Let a(n) = -6*n**2 + 3*n + 15. Let j be a(5). Let s = j + 166. What is the highest common factor of 69 and s?
23
Let s be (-3276)/(-441) - (-9)/(-21). What is the greatest common factor of s and 56?
7
Let h be ((-4 - -2) + 2)/1. Let o(c) = -c**2 - c + 248. Let n be o(h). Calculate the highest common divisor of 31 and n.
31
Let m = 1684 - 1629. Calculate the highest common factor of 3685 and m.
55
Let z be (-2)/((-21)/(-36) + 3/(-6)). Suppose 150 = 4*s + 2*r, -s + 3*s + 5*r = 95. Let h = z + s. Calculate the greatest common factor of 121 and h.
11
Let i = -1932 - -1962. Suppose -4*d + 2*d + 120 = 0. What is the highest common divisor of d and i?
30
Let q(w) = -w**3 - 2*w**2 + 3*w - 101. Let u be q(-8). What is the highest common factor of u and 35?
7
Let k = -347 + 353. Calculate the highest common factor of 54 and k.
6
Let a = 120 + 312. Suppose -4*f + a = 14*f. What is the greatest common divisor of f and 4?
4
Suppose 5821 - 981 = 11*c. Suppose c = -21*d + 26*d. Calculate the greatest common divisor of d and 11.
11
Let a = 46 + -28. Let u = -84 - -132. Let z = u - a. What is the greatest common factor of z and 20?
10
Let v = 422 - 366. What is the greatest common divisor of v and 126?
14
Suppose -2*m - 8 = -4*m. Suppose -3*c = 4*a - 81, -a - 4*c = -m - 0. What is the greatest common divisor of a and 12?
12
Let h be 12/(-15) - (795/(-25) - 4). What is the highest common divisor of 28 and h?
7
Let n = -19 - -7. Let b be 44/6*n/(-8). Let s(u) = 2*u**2 - 11*u + 11. Let g be s(b). What is the greatest common divisor of g and 12?
12
Let z(d) = d - 13. Let v be z(15). Suppose 2*l - 4 = 0, -v*x - 6 = -5*l - 8. Calculate the highest common factor of x and 9.
3
Let q(y) = -2*y**2 + 40*y - 160. Let n be q(14). Let b(r) = 5*r - 2. Let k be b(2). What is the highest common divisor of k and n?
8
Let s be 0 - (1 + (30 - -1)). Let o be 8/s - (-49)/4. Suppose -24 - o = -2*h. What is the highest common factor of h and 162?
18
Let h be 7/21 + (-17)/(-3). Let x be (-231)/(-22)*16/h. Let k = x + -14. Calculate the highest common factor of 70 and k.
14
Let w = 25 - 13. Suppose -3*m - 2*m - 85 = 5*s, 0 = -s - 4. Let c be 10*2 - 52/m. Calculate the highest common divisor of w and c.
12
Let b be 14/((1/2)/1). Suppose -2*q + 112 = 2*y, 58*q - 4*y = 61*q - 168. Calculate the greatest common divisor of b and q.
28
Let t = 27 + -19. Let c(r) = r**2 + r. Let f be c(5). Let g be 12/f - 76/(-10). Calculate the highest common divisor of t and g.
8
Let x = 654 + -244. Calculate the greatest common factor of 10 and x.
10
Let a = -8 - -11. Suppose a*r = 8 + 4. Suppose 5*j - 95 = -4*u, r*j - 4*u = j + 57. Calculate the greatest common factor of 95 and j.
19
Let y(o) = 8*o + 10. Let w(g) = -9*g - 11. Let i(p) = 3*w(p) + 2*y(p). Let h be i(-11). What is the greatest common factor of 27 and h?
27
Suppose -4*u + 376 = 4*h, 5*h - 86 = 4*h - 3*u. Calculate the greatest common factor of h and 56.
14
Let z be (10/(-2) + (-874)/(-184))*-584. What is the greatest common factor of 3650 and z?
146
Let j = 24 - -20. Let t = j - 25. Calculate the highest common factor of t and 95.
19
Let y be 1024/(-56) - (-2)/7. Let v = -10 - y. Calculate the highest common factor of v and 40.
8
Let f(m) = -2 - 768*m + 5 + 761*m - 6. Let r be -2 + 0 + (-2 - -3). Let w be f(r). What is the greatest common divisor of w and 40?
4
Let b be (-62)/(-4) - 2/(-4). Suppose -1640 = -39*c - 80. Calculate the highest co